
-6
Let f(v) = 2*v**3 - 19*v**2 + 297*v - 3089. Determine f(10).
-19
Let c(r) = -13*r + 550. What is c(43)?
-9
Let d(k) = -k**3 - 16*k**2 + 31. Determine d(0).
31
Let a(s) = -s**2 - 1649*s + 23271. What is a(14)?
-11
Let j(o) = 274*o + 278. Calculate j(-1).
4
Let c(v) = -v**3 - 20*v**2 + 63*v + 77. Calculate c(-22).
-341
Let f(g) = 49*g - 34. Give f(-1).
-83
Let l(d) = 2*d**3 - 12*d**2 - 55*d + 25. Give l(9).
16
Let o(y) = -y**2 + 16*y + 48. What is o(15)?
63
Let d(x) = -2*x**2 + 4*x + 172. Calculate d(0).
172
Let u(g) = 2*g**3 - 18*g + 2. What is u(0)?
2
Let q(g) = 38*g + 61. Calculate q(-2).
-15
Let o(z) = 800*z + 2389. What is o(-3)?
-11
Let d(z) = 2*z**3 + 76*z**2 - 2*z + 38. What is d(-38)?
114
Let x(d) = -d**2 - 44*d - 282. Determine x(-36).
6
Let f(z) = -16687*z + 100122. Give f(6).
0
Let f(y) = -y**2 - 509*y + 3064. Determine f(6).
-26
Let p(d) = -149*d + 5852. Calculate p(39).
41
Let n(j) = 2*j**3 - 10*j**2 + 12*j - 6. Give n(2).
-6
Let i(z) = z**3 - 6*z**2 - z - 48. Calculate i(8).
72
Let x(t) = -2*t**2 + 29*t - 120. Give x(9).
-21
Let z(h) = 73*h**2 - 29*h - 28. Determine z(-1).
74
Let f(t) = 9*t + 111. Determine f(-14).
-15
Let h(k) = 82*k - 6523. What is h(79)?
-45
Let v(x) = 6*x**2 + 64*x + 160. Calculate v(-10).
120
Let r(p) = -p**3 - 6*p**2 + p + 61. Give r(-6).
55
Let y(l) = -5*l**2 - 79*l - 55. Calculate y(-16).
-71
Let w(o) = o**3 + 11*o - 252. Give w(0).
-252
Let c(j) = -2*j**2 + 17*j + 134. Determine c(14).
-20
Let s(f) = 17*f**3 - 272*f**2 - 5*f + 57. Give s(16).
-23
Let v(l) = -2787*l - 41810. What is v(-15)?
-5
Let q(v) = 389*v - 1114. Give q(3).
53
Let q(s) = s**3 + 10*s + 16. Determine q(-4).
-88
Let p(r) = -r**3 + 22*r**2 - 54*r - 60. Give p(19).
-3
Let n(q) = 3*q**3 - 65*q**2 - 1260*q + 73. What is n(34)?
5
Let i(h) = h**3 + 12*h**2 - h + 52. What is i(-13)?
-104
Let j(z) = 1030*z + 11304. Give j(-11).
-26
Let f(q) = -207*q + 214. Give f(1).
7
Let h(x) = x**3 + 7*x**2 + 205*x + 392. Calculate h(-2).
2
Let r(l) = 26*l - 6. What is r(1)?
20
Let h(l) = -l**2 + 50*l + 562. Give h(59).
31
Let v(u) = 2*u**2 + 12*u - 192. Calculate v(-12).
-48
Let h(q) = q**2 - 28. What is h(16)?
228
Let d(y) = -y**3 - 23*y**2 - 184*y - 2992. What is d(-21)?
-10
Let z(t) = -219*t - 887. Calculate z(-4).
-11
Let y(l) = -759*l - 11370. What is y(-15)?
15
Let b(j) = -j**3 - 16*j**2 + 132*j + 42. Calculate b(-22).
42
Let q(s) = 5*s**3 + s**2 - 7*s - 14. Determine q(-2).
-36
Let y(g) = g**2 + 18*g - 14. What is y(-18)?
-14
Let z(a) = -a**3 + 13*a**2 + 244*a - 3143. Give z(16).
-7
Let w(g) = 7*g**2 + 3*g + 5. Give w(-5).
165
Let i(l) = 3*l + 110. Calculate i(-40).
-10
Let h(a) = 5*a**2 - 98*a - 6441. What is h(47)?
-2
Let g(m) = -6*m**3 - 25*m**2 - m + 14. Calculate g(-4).
2
Let h(u) = 2*u**3 - 6*u**2 + 10*u - 9. Calculate h(1).
-3
Let a(d) = 43*d + 771. Determine a(-18).
-3
Let t(m) = 3*m**2 - 36*m + 103. Determine t(8).
7
Let r(o) = 107*o + 268. Give r(-3).
-53
Let d(v) = 586*v + 5370. Calculate d(-9).
96
Let c(p) = -4*p**2 + 60*p + 341. Give c(18).
125
Let n(w) = -w**3 + 53*w**2 + 178*w - 82. Determine n(56).
478
Let w(h) = h**3 + 20*h**2 + 7*h + 158. Calculate w(-20).
18
Let t(a) = 2*a**2 - 139*a - 401. Give t(-3).
34
Let w(y) = y**3 - 7*y**2 - y + 5. Determine w(3).
-34
Let g(l) = -2*l**2 + 9*l - 21. Determine g(5).
-26
Let w(i) = -8*i**2 + 333*i + 93. Determine w(42).
-33
Let h(s) = s**3 - 19*s**2 + 64*s - 46. Give h(15).
14
Let q(p) = -955*p + 30549. What is q(32)?
-11
Let x(y) = y**3 - 6*y**2 - 875*y + 6075. Give x(7).
-1
Let z(x) = -x**3 + 10*x**2 - 34*x + 18. Give z(8).
-126
Let d(b) = b**3 - 10*b**2 + 16*b - 19. Give d(3).
-34
Let j(v) = 37*v**2 - 42*v + 85. Calculate j(2).
149
Let q(x) = -86*x - 12468. Give q(-145).
2
Let w(s) = 2*s**2 + 19*s - 2. Give w(3).
73
Let j(v) = -v**3 - 10*v**2 + 20*v - 1. Give j(-12).
47
Let s(u) = -307*u - 2759. Determine s(-9).
4
Let s(a) = -3*a**2 - 34*a - 59. What is s(-9)?
4
Let v(q) = -q**2 + 26*q - 179. Give v(13).
-10
Let x(p) = 7*p + 127. What is x(-16)?
15
Let x(g) = g**3 + 77*g**2 + 559*g - 455. What is x(-9)?
22
Let q(v) = -49*v - 1344. What is q(-25)?
-119
Let n(c) = 3*c**2 - 65*c - 50. Calculate n(24).
118
Let v(l) = -16*l**2 - 43*l - 1. Give v(-5).
-186
Let c(y) = -10*y**2 - 107*y - 57. What is c(-10)?
13
Let b(y) = 58*y**3 - 360*y**2 - 361*y - 1. Determine b(-1).
-58
Let o(s) = -s**2 - 24*s + 123. What is o(-28)?
11
Let v(r) = -r**3 - 4*r**2 - 5*r + 5. Determine v(-5).
55
Let r(u) = u**3 + 34*u**2 + 2*u + 393. Give r(-34).
325
Let o(k) = 2*k**3 + 15*k**2 + k - 30. What is o(-7)?
12
Let u(x) = 46*x + 348. Determine u(-8).
-20
Let p(a) = 2*a**2 + 214*a + 4711. Give p(-76).
-1
Let s(n) = -n**2 + n + 1215. Calculate s(35).
25
Let w(v) = -2*v**3 - 76*v**2 - 625*v - 23. Give w(-26).
3
Let r(g) = -1812*g - 204744. Determine r(-113).
12
Let b(h) = h**3 - 66*h**2 + h - 25. Determine b(66).
41
Let v(n) = -8*n**2 + 2*n + 1. Determine v(5).
-189
Let g(k) = 3*k**2 - 96*k - 708. Give g(38).
-24
Let f(q) = -q**2 + 36*q - 199. Give f(32).
-71
Let i(x) = x**3 + 30*x**2 + 117*x + 76. Calculate i(-26).
-262
Let u(s) = s**3 - 7*s**2 - 475*s + 1945. Determine u(4).
-3
Let n(a) = 4*a**2 + 68*a - 687. Give n(-24).
-15
Let h(r) = -2*r**3 + 7*r**2 - 16*r + 45. Give h(4).
-35
Let v(c) = 6*c**3 - 436*c**2 - 148*c + 140. Determine v(73).
-6
Let b(v) = -2*v**2 - 68*v - 20. Calculate b(-34).
-20
Let s(i) = -11*i**2 + 20*i + 65. Calculate s(-4).
-191
Let g(q) = q**2 - 31*q - 2398. Determine g(-36).
14
Let o(c) = -2*c**2 - 858*c + 11513. Give o(13).
21
Let i(b) = -b**3 + 44*b**2 - 84*b - 3. Calculate i(42).
-3
Let k(b) = 4*b**2 - 150*b + 580. Determine k(4).
44
Let f(c) = c**3 + 56*c**2 - 114*c + 113. Calculate f(-58).
-3
Let a(z) = -8*z**2 - 55*z - 2. Give a(-7).
-9
Let f(z) = z**2 - 27*z - 82. What is f(25)?
-132
Let q(k) = k**2 + 326*k - 17955. Give q(48).
-3
Let j(w) = w - 122. What is j(42)?
-80
Let q(v) = -v**3 - 7*v**2 + 60*v + 298. Give q(-10).
-2
Let r(q) = 1787*q - 80420. Determine r(45).
-5
Let w(x) = 90*x**2 - 3*x + 4. Determine w(0).
4
Let b(x) = -2*x**3 + 68*x**2 - 65*x + 53. Determine b(33).
86
Let o(v) = -v**2 - 39*v + 92. Give o(-13).
430
Let f(p) = 104*p + 97. What is f(-1)?
-7
Let p(v) = -6*v**2 + 74*v - 118. Give p(2).
6
Let j(l) = -4*l**2 + 20*l + 82. Give j(-3).
-14
Let o(u) = -u**2 + 58. What is o(8)?
-6
Let s(y) = 2*y**3 + 4*y**2 - 10*y - 10. Determine s(-4).
-34
Let f(n) = n**2 + 94*n + 2. Determine f(2).
194
Let w(d) = -233*d + 2536. What is w(11)?
-27
Let m(h) = h**3 - 91*h**2 - 4*h + 344. Give m(91).
-20
Let o(q) = -74*q + 46. What is o(2)?
-102
Let d(m) = m**2 + 22*m - 834. Calculate d(-42).
6
Let q(c) = c**3 + 9*c**2 - 108*c - 865. Give q(-12).
-1
Let x(l) = 110*l - 991. Determine x(6).
-331
Let m(l) = 4*l**2 + 159*l + 153. Give m(-45).
1098
Let f(s) = 2408*s + 28876. What is f(-12)?
-20
Let h(i) = 101*i + 3251. What is h(-32)?
19
Let a(n) = n**3 + 86*n**2 - 963*n + 70. What is a(10)?
40
Let l(h) = 36*h**2 - 1255*h - 194. Determine l(35).
-19
Let v(a) = -175*a - 1618. Determine v(-10).
132
Let s(w) = w**3 + 2*w**2 + 11*w + 22. What is s(-4)?
-54
Let x(g) = -6*g**2 - 36*g + 43. Determine x(-7).
1
Let z(o) = -o**2 - 19*o + 80. Calculate z(4).
-12
Let z(b) = -b**3 + 30*b**2 - 83*b + 48. Give z(27).
-6
Let q(b) = -2*b**2 + 156*b + 1754. What is q(-10)?
-6
Let t(s) = 26896*s + 53783. Determine t(-2).
-9
Let n(h) = -h**3 + 9*h**2 - 124*h + 487. What is n(4)?
71
Let b(m) = 41*m + 1630. Determine b(-40).
-10
Let q(x) = x**3 + 156*x**2 + 339*x + 4763. Give q(-154).
-11
Let d(w) = -2*w**2 + 86*w + 50. What is d(40)?
290
Let n(z) = -2*z**2 - 78*z + 653. Give n(-46).
9
Let z(c) = 140*c + 834. Determine z(-6).
-6
Let l(k) = 5*k**2 + 334*k + 5572. What is l(-32)?
4
Let a(p) = 9*p**3 - 48*p**2 + 6*p + 47. What is a(5)?
2
Let i(h) = 232*h + 3647. What is i(-16)?
-65
Let n(q) = q**3 + 32*q**2 - 48*q + 16. Give n(-33).
511
Let b(s) = s**2 + 9*s - 56. Give b(-18).
106
Let h(j) = 19*j**3 - 104*j**2 + 22*j + 7. Determine h(5).
-108
Let z(o) = 4*o**2 - 55*o - 23. What is z(17)?
198
Let t(k) = -k**3 + 36*k**2 - 51*k - 573. Determine t(34).
5
Let r(k) = -250*k**3 - 137*k**2 + 2*k - 2. Calculate r(1).
-387
Let n(m) = -348*m**2 - 3824*m + 17. What is n(-11)?
-27
Let l(p) = -11*p**2 + 4165*p - 4165. Determine l(1)